{"id":11,"date":"2011-10-14T13:42:31","date_gmt":"2011-10-14T11:42:31","guid":{"rendered":"http:\/\/pcupv.webs.upv.es\/blog\/?page_id=11"},"modified":"2025-09-17T14:01:01","modified_gmt":"2025-09-17T13:01:01","slug":"calendario-de-salidas","status":"publish","type":"page","link":"https:\/\/pcupv.webs.upv.es\/blog\/?page_id=11","title":{"rendered":"Calendario de salidas"},"content":{"rendered":"<p>El punto de reuni\u00f3n para la salida es la puerta de acceso M a la Universitat Polit\u00e8cnica de Val\u00e8ncia, frente al pabell\u00f3n polideportivo de la UPV, en la Avinguda dels Tarongers<\/p>\n<ul>\n<li><span class=\"Apple-style-span\" style=\"color: #444444; line-height: 24px;\"><a title=\"Mapa del punto de salida\" href=\"https:\/\/www.google.com\/maps\/d\/edit?mid=12ysHM4oRXuRjnq72K94qCv62Jbs&amp;msa=0&amp;ll=39.47924900974171%2C-0.3420459999999821&amp;spn=0.003254%2C0.006968&amp;z=19\" target=\"_blank\" rel=\"noopener noreferrer\">Pinchando aqu\u00ed puedes ver el punto desde el que realizamos las salidas<\/a>.<\/span><\/li>\n<\/ul>\n<p><strong>Calendario temporada 2025-2026.<\/strong><\/p>\n<h5><a href=\"https:\/\/pcupv.webs.upv.es\/blog\/wp-content\/uploads\/2025\/09\/Calendario_25-26.pdf\" target=\"_blank\" rel=\"noopener\">Pincha aqu\u00ed para acceder al calendario\u00a0 de la temporada <strong>2025-2026 (*)<\/strong><\/a><\/h5>\n<p><a href=\"https:\/\/pcupv.webs.upv.es\/blog\/wp-content\/uploads\/2025\/09\/Calendario_25-26.pdf\" target=\"_blank\" rel=\"noopener\"><img loading=\"lazy\" decoding=\"async\" class=\"aligncenter wp-image-1807 size-medium\" src=\"https:\/\/pcupv.webs.upv.es\/blog\/wp-content\/uploads\/2024\/10\/calendario-300x300.png\" alt=\"\" width=\"300\" height=\"300\" srcset=\"https:\/\/pcupv.webs.upv.es\/blog\/wp-content\/uploads\/2024\/10\/calendario-300x300.png 300w, https:\/\/pcupv.webs.upv.es\/blog\/wp-content\/uploads\/2024\/10\/calendario-150x150.png 150w, https:\/\/pcupv.webs.upv.es\/blog\/wp-content\/uploads\/2024\/10\/calendario.png 600w\" sizes=\"auto, (max-width: 300px) 100vw, 300px\" \/><\/a><\/p>\n<p style=\"padding-left: 40px; text-align: left;\"><em>(*) El calendario oficial muestra las rutas y kms a realizar por los grupos G1 y G2. Los grupos G3 y G4 ir\u00e1n poniendo su ruta cada semana en sus respectivos chats de WhatsApp, con sus kms y desnivel, siempre respetando el trazado original de G1 y G2. La hora de salida que se muestra en el calendario es para el G1. El G2 saldr\u00e1 15 minutos despu\u00e9s, el G3 saldr\u00e1 25 minutos despu\u00e9s y finalmente el G4 saldr\u00e1 en \u00faltimo lugar 30 pasados 30 minutos desde la salida del primer grupo.<\/em><\/p>\n\n<div class=\"wp-block-image\">\n<figure class=\"aligncenter size-large\"><a href=\"https:\/\/pcupv.webs.upv.es\/blog\/wp-content\/uploads\/2025\/09\/25_26.jpg\"><img loading=\"lazy\" decoding=\"async\" width=\"483\" height=\"1024\" src=\"https:\/\/pcupv.webs.upv.es\/blog\/wp-content\/uploads\/2025\/09\/25_26-483x1024.jpg\" alt=\"\" class=\"wp-image-2029\" srcset=\"https:\/\/pcupv.webs.upv.es\/blog\/wp-content\/uploads\/2025\/09\/25_26-483x1024.jpg 483w, https:\/\/pcupv.webs.upv.es\/blog\/wp-content\/uploads\/2025\/09\/25_26-142x300.jpg 142w, https:\/\/pcupv.webs.upv.es\/blog\/wp-content\/uploads\/2025\/09\/25_26.jpg 642w\" sizes=\"auto, (max-width: 483px) 100vw, 483px\" \/><\/a><\/figure>\n<\/div>\n\n<ul>\n<li>En base a la asiduidad con la que salgas y tu condici\u00f3n f\u00edsica general puedes elegir el grupo con el que m\u00e1s te sientas identificado.<\/li>\n<li>Esta elecci\u00f3n no tiene porqu\u00e9 ser definitiva, si despu\u00e9s de haber rodado con un grupo consideras que tienes un nivel mayor\/menor puedes cambiar en la siguiente salida.<\/li>\n<li>Tambi\u00e9n se forman a veces GRUPOS \u00abGRAN FONDO\u00bb para preparar pruebas muy exigentes como por ejemplo la \u00abMarcha Cicloturista GF Valencia\u00bb, \u00abMediterranean EPIC\u00bb o la famosa \u201cQuebrantahuesos\u201d.<\/li>\n<\/ul>\n<p>&#8211; G1 &#8211; GRUPO SENIOR Y NIVEL INICIAL: entre 100 y 120 kms en cada salida. Velocidad media de cada salida entre 20 y 25 km\/h. <strong>HORA DE SALIDA 30 MINUTOS ANTES DE LA SALIDA OFICIAL MARCADA EN EL CALENDARIO DE LA PRESENTE TEMPORADA.<\/strong><br \/>&#8211; G2 &#8211; NIVEL STANDARD: de 100 a 150 kms en cada salida. Velocidad media de cada salida entre 25 y 30 km\/h. <strong>HORA DE SALIDA 15 MINUTOS ANTES DE LA SALIDA OFICIAL MARCADA EN EL CALENDARIO DE LA PRESENTE TEMPORADA.<\/strong><br \/>&#8211; G3 &#8211; NIVEL AVANZADO: de 100 a 150 kms en cada salida. Velocidad media de cada salida entre 30 y 35 km\/h. <strong>HORA DE SALIDA 5 MINUTOS ANTES DE LA SALIDA OFICIAL MARCADA EN EL CALENDARIO DE LA PRESENTE TEMPORADA.<\/strong><br \/>&#8211; G4 &#8211; NIVEL SUPERIOR: de 120 a 170 kms en cada salida. Velocidad media de cada salida superior a 35 km\/h. <strong>HORA DE SALIDA LA MARCADA EN EL CALENDARIO DE LA PRESENTE TEMPORADA.<\/strong><\/p>\n<hr \/>\n<p><em><strong><span style=\"color: #999999;\">Calendarios de temporadas anteriores:<\/span>\u00a0<\/strong><\/em><\/p>\n<ul>\n<li><a href=\"https:\/\/pcupv.webs.upv.es\/blog\/wp-content\/uploads\/2024\/07\/Calendario_24-25.pdf\"><span style=\"color: #999999;\">Salidas 2024-2025<\/span><\/a><\/li>\n<li><strong>Salidas temporada 2023-2024.\u00a0<\/strong>\n<ul>\n<li><a href=\"https:\/\/pcupv.webs.upv.es\/blog\/wp-content\/uploads\/2023\/08\/G1-PROPUESTA-CALENDARIO-SALIDAS-2023-24.pdf\" target=\"_blank\" rel=\"noopener\">G1 &#8211; GRUPO SENIOR y NIVEL INICIAL:<\/a> entre 100 y 130 kms en cada salida. Velocidad media entre 20 y 25 km\/h.<\/li>\n<li><a href=\"https:\/\/pcupv.webs.upv.es\/blog\/wp-content\/uploads\/2023\/08\/CALENDARIO-DEFINITIVO-G2_290823.pdf\" target=\"_blank\" rel=\"noopener\">G2 &#8211; NIVEL MEDIO:<\/a> de 100 a 150 kms en cada salida. Velocidad media de cada salida entre 25 y 30 km\/h.<\/li>\n<li><a href=\"https:\/\/pcupv.webs.upv.es\/blog\/wp-content\/uploads\/2023\/08\/G3_CALENDARIO-SALIDAS-2023-24_DEFINITIVO.pdf\" target=\"_blank\" rel=\"noopener\">G3 &#8211; NIVEL AVANZADO:<\/a> de 100 a 150 kms en cada salida. Velocidad media de cada salida entre 30 y 35 km\/h.<\/li>\n<li><a href=\"https:\/\/pcupv.webs.upv.es\/blog\/wp-content\/uploads\/2023\/08\/G4-PROPUESTA-CALENDARIO-SALIDAS-2023-24.pdf\" target=\"_blank\" rel=\"noopener\">G4 &#8211; NIVEL SUPERIOR:<\/a> m\u00e1s de 140 kms en cada salida. Velocidad media de cada salida superior a 35 km\/h.<\/li>\n<\/ul>\n<\/li>\n<\/ul>\n<ul>\n<li><a href=\"https:\/\/pcupv.webs.upv.es\/blog\/wp-content\/uploads\/2023\/08\/SALIDAS-2022-2023-DEFINITIVO.pdf\"><span style=\"color: #999999;\">Salidas 2022-2023<\/span><\/a><\/li>\n<li><span style=\"color: #999999;\"><a style=\"font-size: revert; color: #999999;\" href=\"https:\/\/pcupv.webs.upv.es\/blog\/wp-content\/uploads\/2021\/07\/SALIDAS-2021-2022.pdf\" target=\"_blank\" rel=\"noopener noreferrer\">Salidas 2021-2022<\/a><\/span><\/li>\n<li><span style=\"color: #999999;\"><a style=\"font-size: revert; color: #999999;\" href=\"https:\/\/pcupv.webs.upv.es\/blog\/wp-content\/uploads\/2020\/07\/SALIDAS-2020-2021.pdf\" target=\"_blank\" rel=\"noopener noreferrer\">Salidas 2020-2021<\/a><\/span><\/li>\n<li><span style=\"color: #999999;\"><a style=\"font-size: revert; color: #999999;\" href=\"https:\/\/pcupv.webs.upv.es\/blog\/wp-content\/uploads\/2019\/08\/SALIDAS-2019-2020.pdf\" target=\"_blank\" rel=\"noopener noreferrer\">Salidas 2019-2020<\/a><\/span><\/li>\n<li><span style=\"color: #999999;\"><a style=\"font-size: revert; color: #999999;\" href=\"https:\/\/pcupv.webs.upv.es\/blog\/wp-content\/uploads\/2018\/09\/SALIDAS-2018-2019.pdf\" target=\"_blank\" rel=\"noopener noreferrer\">Salidas 2018-2019<\/a><\/span><\/li>\n<li><span style=\"color: #999999;\"><a style=\"font-size: revert; color: #999999;\" href=\"https:\/\/pcupv.webs.upv.es\/blog\/wp-content\/uploads\/2011\/10\/Salidas-2017-2018.pdf\">Salidas 2017-2018<\/a><\/span><\/li>\n<\/ul>","protected":false},"excerpt":{"rendered":"<p>El punto de reuni\u00f3n para la salida es la puerta de acceso M a la Universitat Polit\u00e8cnica de Val\u00e8ncia, frente al pabell\u00f3n polideportivo de la UPV, en la Avinguda dels Tarongers Pinchando aqu\u00ed puedes ver el punto desde el que realizamos las salidas. Calendario temporada 2025-2026. Pincha aqu\u00ed para acceder al calendario\u00a0 de la temporada &hellip; <a href=\"https:\/\/pcupv.webs.upv.es\/blog\/?page_id=11\" class=\"more-link\">Seguir leyendo <span class=\"screen-reader-text\">Calendario de salidas<\/span> <span class=\"meta-nav\">&rarr;<\/span><\/a><\/p>\n","protected":false},"author":1,"featured_media":0,"parent":0,"menu_order":3,"comment_status":"closed","ping_status":"closed","template":"","meta":{"footnotes":""},"class_list":["post-11","page","type-page","status-publish","hentry"],"_links":{"self":[{"href":"https:\/\/pcupv.webs.upv.es\/blog\/index.php?rest_route=\/wp\/v2\/pages\/11","targetHints":{"allow":["GET"]}}],"collection":[{"href":"https:\/\/pcupv.webs.upv.es\/blog\/index.php?rest_route=\/wp\/v2\/pages"}],"about":[{"href":"https:\/\/pcupv.webs.upv.es\/blog\/index.php?rest_route=\/wp\/v2\/types\/page"}],"author":[{"embeddable":true,"href":"https:\/\/pcupv.webs.upv.es\/blog\/index.php?rest_route=\/wp\/v2\/users\/1"}],"replies":[{"embeddable":true,"href":"https:\/\/pcupv.webs.upv.es\/blog\/index.php?rest_route=%2Fwp%2Fv2%2Fcomments&post=11"}],"version-history":[{"count":105,"href":"https:\/\/pcupv.webs.upv.es\/blog\/index.php?rest_route=\/wp\/v2\/pages\/11\/revisions"}],"predecessor-version":[{"id":2039,"href":"https:\/\/pcupv.webs.upv.es\/blog\/index.php?rest_route=\/wp\/v2\/pages\/11\/revisions\/2039"}],"wp:attachment":[{"href":"https:\/\/pcupv.webs.upv.es\/blog\/index.php?rest_route=%2Fwp%2Fv2%2Fmedia&parent=11"}],"curies":[{"name":"wp","href":"https:\/\/api.w.org\/{rel}","templated":true}]}}

<p>El punto de reunión para la salida es la puerta de acceso M a la Universitat Politècnica de València, frente al pabellón polideportivo de la UPV, en la Avinguda dels Tarongers</p>
<ul>
<li><span class="Apple-style-span" style="color: #444444; line-height: 24px;"><a title="Mapa del punto de salida" href="https://www.google.com/maps/d/edit?mid=12ysHM4oRXuRjnq72K94qCv62Jbs&amp;msa=0&amp;ll=39.47924900974171%2C-0.3420459999999821&amp;spn=0.003254%2C0.006968&amp;z=19" target="_blank" rel="noopener noreferrer">Pinchando aquí puedes ver el punto desde el que realizamos las salidas</a>.</span></li>
</ul>
<p><strong>Calendario temporada 2025-2026.</strong></p>
<h5><a href="https://pcupv.webs.upv.es/blog/wp-content/uploads/2025/09/Calendario_25-26.pdf" target="_blank" rel="noopener">Pincha aquí para acceder al calendario  de la temporada <strong>2025-2026 (*)</strong></a></h5>
<p><a href="https://pcupv.webs.upv.es/blog/wp-content/uploads/2025/09/Calendario_25-26.pdf" target="_blank" rel="noopener"><img loading="lazy" decoding="async" class="aligncenter wp-image-1807 size-medium" src="https://pcupv.webs.upv.es/blog/wp-content/uploads/2024/10/calendario-300x300.png" alt="" width="300" height="300" srcset="https://pcupv.webs.upv.es/blog/wp-content/uploads/2024/10/calendario-300x300.png 300w, https://pcupv.webs.upv.es/blog/wp-content/uploads/2024/10/calendario-150x150.png 150w, https://pcupv.webs.upv.es/blog/wp-content/uploads/2024/10/calendario.png 600w" sizes="auto, (max-width: 300px) 100vw, 300px" /></a></p>
<p style="padding-left: 40px; text-align: left;"><em>(*) El calendario oficial muestra las rutas y kms a realizar por los grupos G1 y G2. Los grupos G3 y G4 irán poniendo su ruta cada semana en sus respectivos chats de WhatsApp, con sus kms y desnivel, siempre respetando el trazado original de G1 y G2. La hora de salida que se muestra en el calendario es para el G1. El G2 saldrá 15 minutos después, el G3 saldrá 25 minutos después y finalmente el G4 saldrá en último lugar 30 pasados 30 minutos desde la salida del primer grupo.</em></p>

<div class="wp-block-image">
<figure class="aligncenter size-large"><a href="https://pcupv.webs.upv.es/blog/wp-content/uploads/2025/09/25_26.jpg"><img loading="lazy" decoding="async" width="483" height="1024" src="https://pcupv.webs.upv.es/blog/wp-content/uploads/2025/09/25_26-483x1024.jpg" alt="" class="wp-image-2029" srcset="https://pcupv.webs.upv.es/blog/wp-content/uploads/2025/09/25_26-483x1024.jpg 483w, https://pcupv.webs.upv.es/blog/wp-content/uploads/2025/09/25_26-142x300.jpg 142w, https://pcupv.webs.upv.es/blog/wp-content/uploads/2025/09/25_26.jpg 642w" sizes="auto, (max-width: 483px) 100vw, 483px" /></a></figure>
</div>

<ul>
<li>En base a la asiduidad con la que salgas y tu condición física general puedes elegir el grupo con el que más te sientas identificado.</li>
<li>Esta elección no tiene porqué ser definitiva, si después de haber rodado con un grupo consideras que tienes un nivel mayor/menor puedes cambiar en la siguiente salida.</li>
<li>También se forman a veces GRUPOS «GRAN FONDO» para preparar pruebas muy exigentes como por ejemplo la «Marcha Cicloturista GF Valencia», «Mediterranean EPIC» o la famosa “Quebrantahuesos”.</li>
</ul>
<p>&#8211; G1 &#8211; GRUPO SENIOR Y NIVEL INICIAL: entre 100 y 120 kms en cada salida. Velocidad media de cada salida entre 20 y 25 km/h. <strong>HORA DE SALIDA 30 MINUTOS ANTES DE LA SALIDA OFICIAL MARCADA EN EL CALENDARIO DE LA PRESENTE TEMPORADA.</strong><br />&#8211; G2 &#8211; NIVEL STANDARD: de 100 a 150 kms en cada salida. Velocidad media de cada salida entre 25 y 30 km/h. <strong>HORA DE SALIDA 15 MINUTOS ANTES DE LA SALIDA OFICIAL MARCADA EN EL CALENDARIO DE LA PRESENTE TEMPORADA.</strong><br />&#8211; G3 &#8211; NIVEL AVANZADO: de 100 a 150 kms en cada salida. Velocidad media de cada salida entre 30 y 35 km/h. <strong>HORA DE SALIDA 5 MINUTOS ANTES DE LA SALIDA OFICIAL MARCADA EN EL CALENDARIO DE LA PRESENTE TEMPORADA.</strong><br />&#8211; G4 &#8211; NIVEL SUPERIOR: de 120 a 170 kms en cada salida. Velocidad media de cada salida superior a 35 km/h. <strong>HORA DE SALIDA LA MARCADA EN EL CALENDARIO DE LA PRESENTE TEMPORADA.</strong></p>
<hr />
<p><em><strong><span style="color: #999999;">Calendarios de temporadas anteriores:</span> </strong></em></p>
<ul>
<li><a href="https://pcupv.webs.upv.es/blog/wp-content/uploads/2024/07/Calendario_24-25.pdf"><span style="color: #999999;">Salidas 2024-2025</span></a></li>
<li><strong>Salidas temporada 2023-2024. </strong>
<ul>
<li><a href="https://pcupv.webs.upv.es/blog/wp-content/uploads/2023/08/G1-PROPUESTA-CALENDARIO-SALIDAS-2023-24.pdf" target="_blank" rel="noopener">G1 &#8211; GRUPO SENIOR y NIVEL INICIAL:</a> entre 100 y 130 kms en cada salida. Velocidad media entre 20 y 25 km/h.</li>
<li><a href="https://pcupv.webs.upv.es/blog/wp-content/uploads/2023/08/CALENDARIO-DEFINITIVO-G2_290823.pdf" target="_blank" rel="noopener">G2 &#8211; NIVEL MEDIO:</a> de 100 a 150 kms en cada salida. Velocidad media de cada salida entre 25 y 30 km/h.</li>
<li><a href="https://pcupv.webs.upv.es/blog/wp-content/uploads/2023/08/G3_CALENDARIO-SALIDAS-2023-24_DEFINITIVO.pdf" target="_blank" rel="noopener">G3 &#8211; NIVEL AVANZADO:</a> de 100 a 150 kms en cada salida. Velocidad media de cada salida entre 30 y 35 km/h.</li>
<li><a href="https://pcupv.webs.upv.es/blog/wp-content/uploads/2023/08/G4-PROPUESTA-CALENDARIO-SALIDAS-2023-24.pdf" target="_blank" rel="noopener">G4 &#8211; NIVEL SUPERIOR:</a> más de 140 kms en cada salida. Velocidad media de cada salida superior a 35 km/h.</li>
</ul>
</li>
</ul>
<ul>
<li><a href="https://pcupv.webs.upv.es/blog/wp-content/uploads/2023/08/SALIDAS-2022-2023-DEFINITIVO.pdf"><span style="color: #999999;">Salidas 2022-2023</span></a></li>
<li><span style="color: #999999;"><a style="font-size: revert; color: #999999;" href="https://pcupv.webs.upv.es/blog/wp-content/uploads/2021/07/SALIDAS-2021-2022.pdf" target="_blank" rel="noopener noreferrer">Salidas 2021-2022</a></span></li>
<li><span style="color: #999999;"><a style="font-size: revert; color: #999999;" href="https://pcupv.webs.upv.es/blog/wp-content/uploads/2020/07/SALIDAS-2020-2021.pdf" target="_blank" rel="noopener noreferrer">Salidas 2020-2021</a></span></li>
<li><span style="color: #999999;"><a style="font-size: revert; color: #999999;" href="https://pcupv.webs.upv.es/blog/wp-content/uploads/2019/08/SALIDAS-2019-2020.pdf" target="_blank" rel="noopener noreferrer">Salidas 2019-2020</a></span></li>
<li><span style="color: #999999;"><a style="font-size: revert; color: #999999;" href="https://pcupv.webs.upv.es/blog/wp-content/uploads/2018/09/SALIDAS-2018-2019.pdf" target="_blank" rel="noopener noreferrer">Salidas 2018-2019</a></span></li>
<li><span style="color: #999999;"><a style="font-size: revert; color: #999999;" href="https://pcupv.webs.upv.es/blog/wp-content/uploads/2011/10/Salidas-2017-2018.pdf">Salidas 2017-2018</a></span></li>
</ul>

<p>El punto de reunión para la salida es la puerta de acceso M a la Universitat Politècnica de València, frente al pabellón polideportivo de la UPV, en la Avinguda dels Tarongers Pinchando aquí puedes ver el punto desde el que realizamos las salidas. Calendario temporada 2025-2026. Pincha aquí para acceder al calendario  de la temporada &hellip; <a href="https://pcupv.webs.upv.es/blog/?page_id=11" class="more-link">Seguir leyendo <span class="screen-reader-text">Calendario de salidas</span> <span class="meta-nav">&rarr;</span></a></p>
