{"id":17,"date":"2011-10-14T13:44:05","date_gmt":"2011-10-14T11:44:05","guid":{"rendered":"http:\/\/pcupv.webs.upv.es\/blog\/?page_id=17"},"modified":"2016-10-11T09:15:27","modified_gmt":"2016-10-11T07:15:27","slug":"radio","status":"publish","type":"page","link":"https:\/\/pcupv.webs.upv.es\/blog\/?page_id=17","title":{"rendered":"Radio"},"content":{"rendered":"<p>Pepe Villena,\u00a0integrante de la pe\u00f1a ciclista, y sus colaboradores: Vicente Adsuara, Paco de Casa, Jos\u00e9 Luis Pardo y Pau Salv\u00e1, emiten todos los lunes, de 18.30 a 19.30 horas, un programa de radio, llamado \u00abTodo ciclismo\u00bb, en el que cuentan la\u00a0actualidad del mundo ciclista a nivel nacional.<\/p>\n<p>Todos los programas se graban y pueden ser descargados y\/o escuchados en diferido, cuando tu quieras.<\/p>\n<p>Para oir un programa b\u00fascalo en el directorio de \u00abProgramas anteriores\u00bb, p\u00ednchalo y luego pulsa el bot\u00f3n Play del reproductor.<\/p>\n<p>Podr\u00e1s seguir navegando en la web mientras te pones al d\u00eda con las \u00faltimas novedades.<\/p>\n<p><a href=\"http:\/\/www.upv.es\/rtv\/radio\/todo-ciclismo\" target=\"_blank\">http:\/\/www.upv.es\/rtv\/radio\/todo-ciclismo<\/a><\/p>\n","protected":false},"excerpt":{"rendered":"<p>Pepe Villena,\u00a0integrante de la pe\u00f1a ciclista, y sus colaboradores: Vicente Adsuara, Paco de Casa, Jos\u00e9 Luis Pardo y Pau Salv\u00e1, emiten todos los lunes, de 18.30 a 19.30 horas, un programa de radio, llamado \u00abTodo ciclismo\u00bb, en el que cuentan la\u00a0actualidad del mundo ciclista a nivel nacional. Todos los programas se graban y pueden ser &hellip; <a href=\"https:\/\/pcupv.webs.upv.es\/blog\/?page_id=17\" class=\"more-link\">Seguir leyendo <span class=\"screen-reader-text\">Radio<\/span> <span class=\"meta-nav\">&rarr;<\/span><\/a><\/p>\n","protected":false},"author":1,"featured_media":0,"parent":0,"menu_order":7,"comment_status":"closed","ping_status":"closed","template":"","meta":{"footnotes":""},"class_list":["post-17","page","type-page","status-publish","hentry"],"_links":{"self":[{"href":"https:\/\/pcupv.webs.upv.es\/blog\/index.php?rest_route=\/wp\/v2\/pages\/17","targetHints":{"allow":["GET"]}}],"collection":[{"href":"https:\/\/pcupv.webs.upv.es\/blog\/index.php?rest_route=\/wp\/v2\/pages"}],"about":[{"href":"https:\/\/pcupv.webs.upv.es\/blog\/index.php?rest_route=\/wp\/v2\/types\/page"}],"author":[{"embeddable":true,"href":"https:\/\/pcupv.webs.upv.es\/blog\/index.php?rest_route=\/wp\/v2\/users\/1"}],"replies":[{"embeddable":true,"href":"https:\/\/pcupv.webs.upv.es\/blog\/index.php?rest_route=%2Fwp%2Fv2%2Fcomments&post=17"}],"version-history":[{"count":15,"href":"https:\/\/pcupv.webs.upv.es\/blog\/index.php?rest_route=\/wp\/v2\/pages\/17\/revisions"}],"predecessor-version":[{"id":795,"href":"https:\/\/pcupv.webs.upv.es\/blog\/index.php?rest_route=\/wp\/v2\/pages\/17\/revisions\/795"}],"wp:attachment":[{"href":"https:\/\/pcupv.webs.upv.es\/blog\/index.php?rest_route=%2Fwp%2Fv2%2Fmedia&parent=17"}],"curies":[{"name":"wp","href":"https:\/\/api.w.org\/{rel}","templated":true}]}}

<p>Pepe Villena, integrante de la peña ciclista, y sus colaboradores: Vicente Adsuara, Paco de Casa, José Luis Pardo y Pau Salvá, emiten todos los lunes, de 18.30 a 19.30 horas, un programa de radio, llamado «Todo ciclismo», en el que cuentan la actualidad del mundo ciclista a nivel nacional.</p>
<p>Todos los programas se graban y pueden ser descargados y/o escuchados en diferido, cuando tu quieras.</p>
<p>Para oir un programa búscalo en el directorio de «Programas anteriores», pínchalo y luego pulsa el botón Play del reproductor.</p>
<p>Podrás seguir navegando en la web mientras te pones al día con las últimas novedades.</p>
<p><a href="http://www.upv.es/rtv/radio/todo-ciclismo" target="_blank">http://www.upv.es/rtv/radio/todo-ciclismo</a></p>

<p>Pepe Villena, integrante de la peña ciclista, y sus colaboradores: Vicente Adsuara, Paco de Casa, José Luis Pardo y Pau Salvá, emiten todos los lunes, de 18.30 a 19.30 horas, un programa de radio, llamado «Todo ciclismo», en el que cuentan la actualidad del mundo ciclista a nivel nacional. Todos los programas se graban y pueden ser &hellip; <a href="https://pcupv.webs.upv.es/blog/?page_id=17" class="more-link">Seguir leyendo <span class="screen-reader-text">Radio</span> <span class="meta-nav">&rarr;</span></a></p>
