{"id":24,"date":"2011-10-14T13:49:10","date_gmt":"2011-10-14T11:49:10","guid":{"rendered":"http:\/\/pcupv.webs.upv.es\/blog\/?page_id=24"},"modified":"2025-09-12T08:22:14","modified_gmt":"2025-09-12T07:22:14","slug":"clasificaciones","status":"publish","type":"page","link":"https:\/\/pcupv.webs.upv.es\/blog\/?page_id=24","title":{"rendered":"Clasificaciones"},"content":{"rendered":"<p style=\"text-align: justify;\">Aqu\u00ed puedes bajarte los ficheros PDF con las clasificaciones:<\/p>\n<ul>\n<li><a href=\"https:\/\/pcupv.webs.upv.es\/blog\/wp-content\/uploads\/2011\/clasificacion\/clasificacion2026.pdf\">Clasificaci\u00f3n 2025-2026<\/a><\/li>\n<\/ul>\n<hr \/>\n<p>Y aqu\u00ed puedes ver los a\u00f1os anteriores:<\/p>\n<ul>\n<li><a href=\"https:\/\/pcupv.webs.upv.es\/blog\/wp-content\/uploads\/2011\/clasificacion\/clasificacion2025.pdf\">Clasificaci\u00f3n 2024-2025 \/<\/a>\u00a0<a href=\"https:\/\/pcupv.webs.upv.es\/blog\/wp-content\/uploads\/2011\/clasificacion\/CLASIFICACION GRUPOS 2024-25.pdf\" data-wplink-url-error=\"true\">Clasificaci\u00f3n por grupos 2024-2025<\/a><\/li>\n<li><a href=\"https:\/\/pcupv.webs.upv.es\/blog\/wp-content\/uploads\/2011\/clasificacion\/clasificacion2024.pdf\" target=\"_blank\" rel=\"noopener noreferrer\">Clasificaci\u00f3n 2023-2024<\/a><\/li>\n<li><a href=\"https:\/\/pcupv.webs.upv.es\/blog\/wp-content\/uploads\/2011\/clasificacion\/clasificacion2023.pdf\" target=\"_blank\" rel=\"noopener noreferrer\">Clasificaci\u00f3n 2022-2023<\/a><\/li>\n<li><a href=\"https:\/\/pcupv.webs.upv.es\/blog\/wp-content\/uploads\/2011\/clasificacion\/clasificacion2022.pdf\" target=\"_blank\" rel=\"noopener noreferrer\">Clasificaci\u00f3n 2021-2022<\/a><\/li>\n<li><a href=\"https:\/\/pcupv.webs.upv.es\/blog\/wp-content\/uploads\/2011\/clasificacion\/clasificacion2021.pdf\" target=\"_blank\" rel=\"noopener noreferrer\">Clasificaci\u00f3n 2020-2021<\/a><\/li>\n<li><a href=\"https:\/\/pcupv.webs.upv.es\/blog\/wp-content\/uploads\/2011\/clasificacion\/clasificacion2020.pdf\" target=\"_blank\" rel=\"noopener noreferrer\">Clasificaci\u00f3n 2019-2020<\/a><\/li>\n<li><a href=\"https:\/\/pcupv.webs.upv.es\/blog\/wp-content\/uploads\/2011\/clasificacion\/clasificacion2019.pdf\" target=\"_blank\" rel=\"noopener noreferrer\">Clasificaci\u00f3n 2018-2019<\/a><\/li>\n<li><a href=\"https:\/\/pcupv.webs.upv.es\/blog\/wp-content\/uploads\/2011\/clasificacion\/clasificacion2018.pdf\">Clasificaci\u00f3n 2017-2018<\/a><\/li>\n<li><a href=\"https:\/\/pcupv.webs.upv.es\/blog\/wp-content\/uploads\/2011\/clasificacion\/clasificacion2017.pdf\" target=\"_blank\" rel=\"noopener noreferrer\">Clasificaci\u00f3n 2016-2017<\/a><\/li>\n<li><a href=\"https:\/\/pcupv.webs.upv.es\/blog\/wp-content\/uploads\/2011\/clasificacion\/clasificacion2016.pdf\" target=\"_blank\" rel=\"noopener noreferrer\">Clasificaci\u00f3n 2015-2016<\/a><\/li>\n<li><a href=\"https:\/\/pcupv.webs.upv.es\/blog\/wp-content\/uploads\/2011\/clasificacion\/clasificacion2015.pdf\" target=\"_blank\" rel=\"noopener noreferrer\">Clasificaci\u00f3n 2014-2015<\/a><\/li>\n<li><a href=\"https:\/\/pcupv.webs.upv.es\/blog\/wp-content\/uploads\/2011\/clasificacion\/clasificacion2014.pdf\" target=\"_blank\" rel=\"noopener noreferrer\">Clasificaci\u00f3n 2013-2014<\/a><\/li>\n<li><a href=\"https:\/\/pcupv.webs.upv.es\/blog\/wp-content\/uploads\/2011\/clasificacion\/clasificacion2013.pdf\" target=\"_blank\" rel=\"noopener noreferrer\">Clasificaci\u00f3n 2012-2013<\/a><\/li>\n<li><a href=\"https:\/\/pcupv.webs.upv.es\/blog\/wp-content\/uploads\/2011\/clasificacion\/clasificacion2012.pdf\" target=\"_blank\" rel=\"noopener noreferrer\">Clasificaci\u00f3n 2011-2012<\/a><\/li>\n<li><a href=\"https:\/\/pcupv.webs.upv.es\/blog\/wp-content\/uploads\/2011\/clasificacion\/clasificacion2011.pdf\" target=\"_blank\" rel=\"noopener noreferrer\">Clasificaci\u00f3n 2010-2011<\/a><\/li>\n<li><a href=\"https:\/\/pcupv.webs.upv.es\/blog\/wp-content\/uploads\/2011\/clasificacion\/clasificacion2010.pdf\" target=\"_blank\" rel=\"noopener noreferrer\">Clasificaci\u00f3n 2009-2010<\/a><\/li>\n<li><a href=\"https:\/\/pcupv.webs.upv.es\/blog\/wp-content\/uploads\/2011\/clasificacion\/acumulada.pdf\" target=\"_blank\" rel=\"noopener noreferrer\">Clasificaci\u00f3n acumulada<\/a><\/li>\n<li><a href=\"https:\/\/pcupv.webs.upv.es\/blog\/wp-content\/uploads\/2011\/10\/MONTCARO14.pdf\">Clasificaci\u00f3n de la subida al Mont Caro<\/a><\/li>\n<\/ul>\n","protected":false},"excerpt":{"rendered":"<p>Aqu\u00ed puedes bajarte los ficheros PDF con las clasificaciones: Clasificaci\u00f3n 2025-2026 Y aqu\u00ed puedes ver los a\u00f1os anteriores: Clasificaci\u00f3n 2024-2025 \/\u00a0Clasificaci\u00f3n por grupos 2024-2025 Clasificaci\u00f3n 2023-2024 Clasificaci\u00f3n 2022-2023 Clasificaci\u00f3n 2021-2022 Clasificaci\u00f3n 2020-2021 Clasificaci\u00f3n 2019-2020 Clasificaci\u00f3n 2018-2019 Clasificaci\u00f3n 2017-2018 Clasificaci\u00f3n 2016-2017 Clasificaci\u00f3n 2015-2016 Clasificaci\u00f3n 2014-2015 Clasificaci\u00f3n 2013-2014 Clasificaci\u00f3n 2012-2013 Clasificaci\u00f3n 2011-2012 Clasificaci\u00f3n 2010-2011 Clasificaci\u00f3n 2009-2010 Clasificaci\u00f3n &hellip; <a href=\"https:\/\/pcupv.webs.upv.es\/blog\/?page_id=24\" class=\"more-link\">Seguir leyendo <span class=\"screen-reader-text\">Clasificaciones<\/span> <span class=\"meta-nav\">&rarr;<\/span><\/a><\/p>\n","protected":false},"author":1,"featured_media":0,"parent":0,"menu_order":5,"comment_status":"closed","ping_status":"closed","template":"","meta":{"footnotes":""},"class_list":["post-24","page","type-page","status-publish","hentry"],"_links":{"self":[{"href":"https:\/\/pcupv.webs.upv.es\/blog\/index.php?rest_route=\/wp\/v2\/pages\/24","targetHints":{"allow":["GET"]}}],"collection":[{"href":"https:\/\/pcupv.webs.upv.es\/blog\/index.php?rest_route=\/wp\/v2\/pages"}],"about":[{"href":"https:\/\/pcupv.webs.upv.es\/blog\/index.php?rest_route=\/wp\/v2\/types\/page"}],"author":[{"embeddable":true,"href":"https:\/\/pcupv.webs.upv.es\/blog\/index.php?rest_route=\/wp\/v2\/users\/1"}],"replies":[{"embeddable":true,"href":"https:\/\/pcupv.webs.upv.es\/blog\/index.php?rest_route=%2Fwp%2Fv2%2Fcomments&post=24"}],"version-history":[{"count":56,"href":"https:\/\/pcupv.webs.upv.es\/blog\/index.php?rest_route=\/wp\/v2\/pages\/24\/revisions"}],"predecessor-version":[{"id":2025,"href":"https:\/\/pcupv.webs.upv.es\/blog\/index.php?rest_route=\/wp\/v2\/pages\/24\/revisions\/2025"}],"wp:attachment":[{"href":"https:\/\/pcupv.webs.upv.es\/blog\/index.php?rest_route=%2Fwp%2Fv2%2Fmedia&parent=24"}],"curies":[{"name":"wp","href":"https:\/\/api.w.org\/{rel}","templated":true}]}}